6 - 6*p**2 - 1/12*p**4 + 0*p + 0 - 1/3*p**3. Give h(-3).
-14
Let a be (-4)/(-6)*(-3)/2. Let v(r) = -2*r - 6. Let l(c) be the third derivative of c**4/24 - 12*c**2 + 2. Let w(h) = a*l(h) - v(h). Determine w(0).
6
Let w(k) = 3*k**3 + 10*k**2 + 10*k + 5. Let j(s) = s**3 + s**2 + s - 1. Let m(o) = -4*j(o) + w(o). Let r be (2 + (-6)/10)*(5 - 0). What is m(r)?
2
Let z = 0 + 1. Let n be ((-1)/2)/(z/6). Let k(b) = -2610*b + 3 - 2612*b + 5223*b. Determine k(n).
0
Suppose m - 4*m = -3. Let d(f) = -4*f - m + 3*f + 2*f. Calculate d(2).
1
Let s(i) = -3*i + 1. Let v(j) = -3*j - 10. Let x be v(-5). Let t be 26/12 - x/30. Give s(t).
-5
Let a(h) = h**3 - 13*h**2 + 19*h. Let y(n) = -2*n**3 + 27*n**2 - 40*n + 4. Let c(u) = 9*a(u) + 4*y(u). Determine c(7).
-5
Let q(w) = -3*w - 7 + 7*w + 10*w**2 - w**3 - 4*w - 4*w - 4*w. What is q(9)?
2
Let v(d) = -d**2 - 2*d + 4. Let g be 78/(-9) + 25/15. Determine v(g).
-31
Let u = 12 - 12. Suppose -3*i - 6 = -i, u = 4*f + 5*i + 275. Let b be 4/(-18) + f/(-9). Let q(k) = -k + 4. Give q(b).
-3
Suppose 0*u = -u + 1, -4*g - 3*u = -11. Let d(w) = -5*w**3 - w + 5*w**2 + 1 + w**3 - 4*w**g. Suppose 13 = -h + 5*h + 3*p, -3 = -p. Determine d(h).
-3
Let f(y) = 3*y + 7. Suppose -5*h + h + 180 = 0. Let t = h - 51. What is f(t)?
-11
Let l(s) = s**2 - 3*s + 4. Let i = 7 - 2. Suppose -2*t - 13 = -21. Suppose -t*v = -u + 7, 0*u - i*v - 2 = u. Determine l(u).
4
Let d(a) = -a**2 + 8*a - 6. Let z(f) = f**2 + 2*f - 19. Let s be z(-6). Calculate d(s).
9
Let b(x) = 3*x**3 + x**2 + 16*x - 2. Let p(a) = 2*a**3 + 13*a - 2. Let l(s) = 3*b(s) - 4*p(s). What is l(-4)?
2
Let a be 2/8*-6*-6. Suppose -a*h + 54 = -6*h. Suppose 0 = j + 4*j + 3*v - 10, 3*j = 3*v - h. Let b(f) = f**2 - 2*f - 1. Determine b(j).
2
Let v(y) = 2*y - 32. Let m be v(17). Suppose 3*r = 4*x + 5*r + 14, 3*x = -m*r - 8. Let f(a) = 2*a + 6. Calculate f(x).
-6
Let x(p) = p**3 + 7*p**2 + 5*p - 6. Let z be 1/(-5) + 18/15. Let l be 5/(-10)*(z + 11). What is x(l)?
0
Suppose y - 10*y - 27 = 0. Let u(q) = 2*q - 1. Let v(z) = z + 1. Let n(o) = y*v(o) + u(o). Calculate n(5).
-9
Let f(m) = 16*m**2 - m - 1. Let d(a) be the first derivative of a**3/3 - 3*a**2 - 8*a - 16. Let c be d(7). Give f(c).
16
Let s(p) = p**2 + 4*p - 17. Let v be s(-7). Let z(l) = v*l**2 - l**3 - 64*l + 2*l**3 + 66*l + 4. Suppose -4*i = c + i + 29, 4*c = -3*i - 31. Give z(c).
-4
Suppose -3*s - 37 = -5*p, -p - s + 1 = -0*p. Let j(f) = -5*f + 22. Give j(p).
-3
Let v(u) = -35*u**3 + 26*u**3 - 9*u**2 + 6*u + 8 + 10*u**3 + 1. Let a(r) = r + 2. Let l be a(6). Determine v(l).
-7
Let p(x) be the third derivative of -x**5/60 + 25*x**4/24 - x**3/2 + 4*x**2 - 5*x. Give p(25).
-3
Let x(z) = -10*z + 5. Let q be x(-4). Suppose -4*u + 5*m = -18, 5*u + 7*m - q = 2*m. Let i(s) = 3*s - u*s - 4*s. Give i(-1).
8
Let o(t) = 6*t - 6. Let h be o(4). Let r(q) = 32 + 4*q - 4*q**2 - h - 17 + 3*q**2. Give r(5).
-8
Suppose 16*t = -10 + 10. Let h(x) = -x + 13. Calculate h(t).
13
Suppose 0 = 30*w - 53*w + 230. Let m(c) = c**3 - 9*c**2 - 8*c - 2. What is m(w)?
18
Let g(s) = -11*s - 3. Let j = -25 + 23. Determine g(j).
19
Let q(i) = 29*i**3 - 2*i + 31*i**3 - 59*i**3 + 3*i**2 - 6*i**2. Determine q(3).
-6
Let o(k) = k - 3. Let p(h) be the third derivative of -h**4/12 + 5*h**3/6 - 9*h**2. Let q(f) = -13*o(f) - 6*p(f). Determine q(0).
9
Let c(t) = 4*t. Suppose 5*x = -0*x + 25. Suppose v + x = 4. Calculate c(v).
-4
Suppose -2*d + 0*o + 4 = -2*o, -d + 4*o + 11 = 0. Let x(r) = 2*r. Let t(j) = 2*j. Let f(m) = -3*t(m) + 2*x(m). Give f(d).
2
Suppose -415*r + 410*r = -50. Let s(i) = i. What is s(r)?
10
Let i(d) be the first derivative of d**4/4 + 4*d**3/3 - 2*d**2 + d - 5. Let k = -35 + 31. Determine i(k).
17
Let w(g) = -g**3 - 3*g**2 + 3*g + 3. Suppose 5*n + 5 - 25 = 0. Suppose -n*f + 0*f + 16 = 0. Suppose y - 1 = 0, 2*i - f = -2*y - 10. Give w(i).
7
Let j(x) be the third derivative of x**6/30 - x**5/20 + 7*x**3/6 - 7*x**2. Let v(f) = -f**3 + f - 1. Let n(z) = j(z) + 3*v(z). Give n(3).
13
Let i = -1165 - -9321/8. Let a(c) be the third derivative of 0*c + 1/3*c**3 - 8*c**2 + i*c**4 + 0. Determine a(-3).
-7
Let o(v) = v**3 - 20*v**2 - 22*v + 26. Let d be o(21). Let n be (-2)/1 + 27/3. Let p(j) = j**3 + n - 24*j - j**2 - 4*j**2 + 23*j. What is p(d)?
2
Let s be (-9)/(-24) + (-2247)/168. Let k(p) = -p**3 - 13*p**2 + 2. Determine k(s).
2
Let o(u) = -13*u**2 - 8*u - 9. Let h(k) = -11*k**2 - 7*k - 7. Let d(p) = -3*h(p) + 2*o(p). Give d(-3).
51
Let u(h) be the third derivative of -h**5/60 + h**4/8 - 11*h**3/6 - 27*h**2. Let t(f) be the first derivative of u(f). Calculate t(2).
-1
Let b(l) be the third derivative of -l**4/12 + l**3/3 - 14*l**2. Suppose -4*k = 2*x + 2, k + 0*k - 2*x = 7. Let n be -15*(k/(-3))/(-1). Calculate b(n).
12
Let p(l) = -l**2 - 3*l + 4. Suppose 0 = -5*f - b - 21, 2*f + 5*b = -2 + 12. Let o = 2 - 12. Let y = o - f. Calculate p(y).
-6
Let z be -7*18/(-168)*-8. Let n(j) = j**2 + 11*j + 6. Give n(z).
-24
Let c be (-9)/(-6)*(-1)/(12/(-80)). Let j(p) = -2*p + 12. Determine j(c).
-8
Suppose -250*b + 209*b = -369. Let z(o) = o**2 - 7*o - 5. Give z(b).
13
Let k(c) = 5*c**2 + 3*c - 5. Let g(p) = -6*p**2 - 5*p + 6. Let q(s) = 6*g(s) + 7*k(s). Calculate q(-7).
15
Let g(k) be the second derivative of -5*k**3/6 + 7*k**2/2 + 4*k - 46. Calculate g(2).
-3
Suppose 5*u + 0 = -2*z - 5, 4*z + 5*u + 5 = 0. Suppose 5*m + z*v = 3*v + 5, -3*v = 15. Let l(c) = c**2 + 2*c + 2. What is l(m)?
2
Let u(s) = 2*s - 7. Let f = 47 - 41. Suppose -18*a = -f*a - 60. Determine u(a).
3
Suppose -i = -2*i + 8. Let a(c) be the second derivative of -c**3/3 + 4*c**2 - 121*c. Determine a(i).
-8
Let d(x) = -2*x**3 - x - 1. Let z be d(-1). Suppose 1 - 4 = -w, -36 = 5*o - z*w. Let a(l) = l - 4 + 6 - 1 - 2*l. Give a(o).
7
Let v be (-1 - 3)*6/(-4). Let q be v/4*8/6. Let l(f) = 1 - 3*f**3 + f**3 - 4*f**3 + f - f**q. Determine l(-1).
5
Let u be (-10)/6*(-702)/(-195). Let k(d) = -7*d - 4*d**2 - 2 - 3*d**2 - 2 + 6*d**2. What is k(u)?
2
Let y(q) = q**2 - 6*q - 4. Let a = -49 - -46. Let f be 63/a*((-2)/6)/1. What is y(f)?
3
Let h = 474 - 472. Let k = -3 + 5. Let u(p) = -2 - 6*p**2 + k*p**2 + 8*p**h + 3*p - 6*p**2. What is u(2)?
-4
Let o(q) = -5 + 32579*q + 18 - 32583*q. Determine o(5).
-7
Let m = 179 + -172. Let y(d) = d**3 - 8*d**2 + 6*d. What is y(m)?
-7
Let h be (-414)/(-63) + (-8)/14. Let m(k) = -k**2 + 6*k + 14. Let c be m(h). Let n = -8 + c. Let z(j) = -2*j - 3. Determine z(n).
-15
Let v(n) = -3*n**2 + 20*n + 9. Let d be v(7). Let t(l) = -3*l + 3 + d*l + 5 - 1. What is t(-6)?
13
Let w(a) = -2*a**2 - 4*a + 5. Let y = 1289 + -1293. Give w(y).
-11
Let n(w) = w**2 - 2*w - 20. Let k be n(7). Let q = 10 - k. Let p(g) = -6*g**2 + g + 2. Let d(f) = 7*f**2 - 2*f - 1. Let j(l) = 5*d(l) + 6*p(l). Calculate j(q).
2
Suppose -31 + 11 = -4*q. Suppose x = -0*x + 4*p - 14, q*x = 3*p - 2. Let o(c) = -7 - 15 + x*c - 5*c + 23 + 5*c**2. What is o(2)?
15
Let u(g) = 2*g**2 + 11*g - 8. Let z be u(-7). Suppose -6*j - z = 17. Let f(c) = c**2 + 2*c + 6. Determine f(j).
21
Let f(i) be the second derivative of -i**5/20 - 7*i**4/6 + i**3/3 + 15*i**2/2 + 2*i - 75. Calculate f(-14).
-13
Let o(l) = -l**3 - l**2 + 2*l - 1. Let j(b) = -b**2 + b + 4. Let k(d) = j(d) + o(d). Give k(-3).
3
Let c(d) = 3*d - 5. Let s(v) = v**3 + 8*v**2 + 7*v - 13. Let t be s(-7). Let j be -2*t/6 + 22/(-66). Determine c(j).
7
Suppose -15 = -x - 5*v + v, -5*x + 21 = 2*v. Let l(f) = 2*f**2 - 6*f - 3. Give l(x).
-3
Let a(z) be the first derivative of -5/2*z**2 - 1/4*z**4 + 5*z + 12 + 5/3*z**3. Determine a(4).
1
Let m be (5 - 0) + -8 - 3. Let v(k) = k**3 + 7*k**2 + 8*k - 1. What is v(m)?
-13
Let b(d) = d**3 - 6*d**2 + 6*d - 5. Suppose y - 1 + 14 = 0. Let h be (y - 1/1)*(-26)/91. Determine b(h).
-13
Let t(h) = -h**3 + h**2 + h + 1. Suppose 6*g + g = 6*g. Let d be g/(-2)*((-6)/18)/(-1). Give t(d).
1
Let z(c) = -c**2 + 4*c - 1. Let f = -23 - -28. Let l be z(f). Let i(b) = -b - 1. What is i(l)?
5
Let h(i) = 3*i**3 + 2*i**3 + 0*i**3 + 2 - 3*i - 3*i**2 - 4*i**3. Let w be 90/25 + 36/(-10) + 4. Determine h(w).
6
Let r be (-9)/(-6) + (-3)/(-6). Let s be (-1 - r - -2) + 2. Let p(x) = 73*x - 25*x - 22*x - 28*x. What is p(s)?
-2
Let p(t) = -2*t**2 - 282*t - 285*t + 570*t - t**3 - 1. Let j be (4/(-3))/((-8)/12). Give p(j).
-11
Let j(c) = c + 12. Let r be (-1 - (-7)/((-28)/32)